) in base 5?
14123202411
61a83 (base 11) to base 14
24d8a
-413357 (base 13) to base 11
-94974a
What is -367d0 (base 16) in base 4?
-312133100
Convert -22120100111101 (base 3) to base 7.
-53464036
-2331520 (base 6) to base 13
-4307a
What is -4253041 (base 7) in base 4?
-1332102121
What is -202001330 (base 4) in base 13?
-4b5a2
-11c11ab (base 13) to base 4
-111021112231
Convert -1e6e18 (base 16) to base 9.
-3668548
What is 2170125 (base 8) in base 11?
370148
4ae13 (base 16) to base 13
a97ab
Convert -67096b (base 14) to base 7.
-41505264
Convert -2770106 (base 9) to base 12.
-614b13
Convert -3694787 (base 10) to base 2.
-1110000110000011000011
What is -75c7 (base 15) in base 2?
-110000101101001
What is -40662414 (base 7) in base 6?
-201032253
-6a3656 (base 11) to base 4
-10100310320
What is -1224044312 (base 5) in base 10?
-2956207
What is 10fd1 (base 16) in base 15?
15940
Convert -e4bb40 (base 15) to base 2.
-101001011110101001000010
-652f (base 16) to base 15
-7a1d
Convert -13304511 (base 7) to base 14.
-23da08
451235411 (base 6) to base 7
126401230
250277 (base 9) to base 5
14314020
Convert 1232011 (base 6) to base 12.
32607
-33456561 (base 7) to base 14
-558a31
What is 5311400 (base 6) in base 11?
167046
-1011101110000011100011 (base 2) to base 12
-1041aab
Convert -5605062 (base 8) to base 12.
-609982
What is -14124005 (base 7) in base 14?
-264005
Convert -421369 (base 14) to base 15.
-2e1303
bd7aa (base 14) to base 13
13136c
What is -311662 (base 13) in base 8?
-4275603
Convert -1133200202 (base 4) to base 12.
-16a482
Convert 234852 (base 9) to base 2.
100010100001010000
Convert 77833 (base 10) to base 11.
53528
-621636 (base 8) to base 4
-302032132
Convert 424463 (base 9) to base 11.
162880
What is -512ffa (base 16) in base 12?
-1947136
What is 21153 (base 9) in base 4?
3122130
What is 110001111010101000001110 (base 2) in base 4?
301322220032
-164343532 (base 7) to base 16
-ab7a59
Convert -163241 (base 10) to base 13.
-593c0
What is 51b992 (base 12) in base 5?
312112220
What is -12113303030 (base 4) in base 7?
-20124551
What is 55b04 (base 12) in base 7?
653044
What is 541305150 (base 6) in base 14?
13b8734
Convert -28970 (base 14) to base 2.
-11000100100100110
Convert 52142b (base 15) to base 13.
a6834a
-150324022 (base 6) to base 10
-3106094
Convert -15102502 (base 6) to base 14.
-d8138
What is -1340020141 (base 5) in base 12?
-119a064
1022111425 (base 6) to base 10
10740329
What is -4726573 (base 8) in base 6?
-43350203
Convert -11203020003 (base 4) to base 14.
-29c159
What is -2444403 (base 6) in base 12?
-63703
Convert 232232030 (base 4) to base 3.
100201111212
-10606207 (base 8) to base 14
-43b131
-1030162 (base 9) to base 14
-104c7b
213101033230 (base 4) to base 12
35453a4
What is -101300113 (base 4) in base 6?
-1320411
What is 1041343 (base 5) in base 6?
220540
What is 324746 (base 9) in base 7?
1434666
What is 18117b6 (base 12) in base 2?
10011000100110000111010
Convert 10110111100010010110 (base 2) to base 6.
24040222
What is 782225 (base 9) in base 16?
72212
What is -1541661 (base 7) in base 9?
-352680
Convert 628732 (base 16) to base 9.
13131467
-513707 (base 8) to base 11
-10673a
Convert -31590a (base 12) to base 2.
-10111101101111011010
What is 187883 (base 11) in base 16?
4672b
What is -101485 (base 12) in base 8?
-752545
Convert -21911 (base 13) to base 12.
-2b272
1634415 (base 7) to base 8
673712
-634252 (base 8) to base 15
-42844
Convert 244521 (base 6) to base 16.
5521
1251565 (base 9) to base 4
2212320101
What is -110110000011110010011 (base 2) in base 10?
-1771411
What is 1100001011111000010110 (base 2) in base 7?
36103043
4158466 (base 9) to base 13
5cb2a2
Convert -11000111010011100001 (base 2) to base 10.
-816353
Convert -5fa3 (base 16) to base 15.
-73c3
-131122112 (base 4) to base 9
-203225
Convert 10111110100100001111111 (base 2) to base 8.
27644177
What is -1210222222110 (base 3) in base 4?
-3223131210
Convert -155557 (base 10) to base 7.
-1215343
-2663489 (base 10) to base 8
-12122101
Convert -133f8b (base 16) to base 9.
-2332342
-388cb (base 14) to base 10
-138947
Convert 13802 (base 12) to base 13.
c428
What is 311041 (base 8) in base 10?
102945
-2223311 (base 5) to base 16
-9926
8091c (base 14) to base 6
10343034
Convert 282618 (base 16) to base 2.
1010000010011000011000
-30212113323 (base 4) to base 13
-8b84aa
What is -340309 (base 11) in base 12?
-221861
What is 2110316 (base 8) in base 16?
890ce
What is -11161331 (base 7) in base 15?
-143412
Convert -2127368 (base 9) to base 11.
-709933
Convert -30657 (base 9) to base 15.
-5ed1
12113042442 (base 5) to base 4
312020130210
What is -20031 (base 11) in base 7?
-151320
-759193 (base 11) to base 6
-41554352
a3698 (base 11) to base 15
2ec26
Convert 37091 (base 12) to base 8.
221255
What is -64fdb (base 16) in base 11?
-262874
735390 (base 11) to base 6
41131313
Convert -32052254 (base 6) to base 15.
-13885d
What is -114250 (base 6) in base 8?
-23466
223210020 (base 4) to base 12
87320
Convert 3764 (base 13) to base 10.
7856
What is acc88c (base 14) in base 11?
3352126
Convert -639418 (base 10) to base 8.
-2340672
What is 67b40 (base 15) in base 5?
41024120
Convert -3a600 (base 11) to base 10.
-57959
What is -154211421 (base 6) in base 8?
-14414305
What is -1b7744 (base 12) in base 10?
-490084
Convert -12316664 (base 9) to base 12.
-2030211
Convert -9d82c (base 14) to base 16.
-5d830
Convert -861490 (base 10) to base 8.
-3222462
Convert 464560 (base 8) to base 5.
20024224
What is 2282149 (base 12) in base 9?
13438213
Convert -467b3 (base 15) to base 3.
-102101221120
Convert -1000022324 (base 5) to base 7.
-22420606
Convert 3441443 (base 5) to base 7.
346055
Convert -e264 (base 16) to base 2.
-1110001001100100
What is 7a689 (base 12) in base 4?
213321021
What is -110210211111 (base 3) in base 11?
-162463
What is 206675 (base 8) in base 11?
47976
What is -662260 (base 7) in base 2?
-11100010101101010
98a85 (base 13) to base 5
32321144
Convert b0a7 (base 14) to base 4.
13121323
What is -141333121 (base 7) in base 11?
-5238713
25029 (base 12) to base 9
75706
What is -1102221020 (base 4) in base 5?
-41313004
Convert 648250 (base 9) to base 8.
1363021
What is -611712 (base 8) in base 14?
-536d4
Convert 1015401 (base 6) to base 9.
74411
5111440 (base 6) to base 12
b8580
What is -77a970 (base 12) in base 16?
-1d13e4
What is 81536 (base 14) in base 2?
1001011111100111100
Convert -101000000111010110 (base 2) to base 10.
-164310
Convert 7578557 (base 9) to base 16.
3e10dc
Convert -22102310 (base 6) to base 14.
-133106
Convert 113203021 (base 4) to base 11.
66519
-70a7a2 (base 12) to base 15
-24b83e
180a05 (base 11) to base 16
44362
Convert 31202520 (base 7) to base 9.
4836763
Convert -934124 (base 10) to base 16.
-e40ec
What is -81ebc (base 16) in base 3?
-1000000222111
-4b6c2 (base 15) to base 6
-5100245
Convert 153716 (base 12) to base 8.
1274502
What is 53b36 (base 13) in base 10?
151300
What is 1100111010101011101001 (base 2) in base 15?
46d444
-3cdb4 (base 15) to base 3
-100221010121
Convert -320113300 (base 4) to base 5.
-24342041
1547307 (base 10) to base 5
344003212
Convert 415616 (base 9) to base 12.
baa73
626c5 (base 13) to base 15
3765a
Convert 122222111022 (base 3) to base 11.
2219aa
Convert -111111100000101100100 (base 2) to base 10.
-2081124
Convert -31a90 (base 11) to base 13.
-1826a
What is 1656101 (base 7) in base 3?
102211001222
-7239e (base 16) to base 8
-1621636
What is 104031230 (base 5) in base 8?
1571026
Convert -556362 (base 7) to base 15.
-1e1c9
Convert 25004044 (base 7) to base 8.
10420477
-1210031111 (base 5) to base 14
-5339bd
24413130 (base 6) to base 4
2332111032
Convert 7588334 (base 9) to base 13.
ac840c
-52197 (base 11) to base 4
-102210332
What is -4434 (base 5) in base 11?
-513
-122102103 (base 4) to base 6
-2150243
What is 8d68 (base 16) in base 5?
2124300
Convert 220111122212 (base 3) to base 13.
13b71c
Convert 1414009 (base 10) to base 8.
5311571
Convert -139ab99 (base 12) to base 10.
-3938085
Convert 2111000022 (base 3) to base 5.
3030401
What is -111111200021 (base 3) in base 16?
-40e79
-52603152 (base 8) to base 10
-11208298
What is -340300552 (base 6) in base 12?
-20a1758
Convert -4633161 (base 7) to base 4.
-2031202302
-210202031